{"id":509,"date":"2018-02-06T17:18:38","date_gmt":"2018-02-06T17:18:38","guid":{"rendered":"http:\/\/hur.bardoux-online.de\/referenzen\/gewachshauser"},"modified":"2021-01-04T09:51:14","modified_gmt":"2021-01-04T08:51:14","slug":"gewachshauser","status":"publish","type":"page","link":"https:\/\/hempel-ruelcker.de\/home\/referenzen\/gewachshauser\/","title":{"rendered":"Gew\u00e4chsh\u00e4user"},"content":{"rendered":"\n<div class=\"is-layout-flex wp-container-4 wp-block-columns\">\n<div class=\"is-layout-flow wp-block-column\">\n<p class=\"has-text-align-left\">Botanischer Garten Regensburg<br>Landgard<br>G\u00e4rtnerei Hofmann<br>Queckbrunnerhof<br>Bosl<br>J\u00e4gerbauer<br>Hosch<br>UFZ<br>Hochschule Bernburg<br>W\u00f6rner Pflanzenparadies<br>Gem\u00fcsebauversuchszentrum<br>Uni Bonn AgroHorst<br>Christmann\/Koch<br>LVG Erfurt<br>Markus Monzel<br>TLL Dornburg<br>Stephanus Werkst\u00e4tten<br>SUET Eschwege<br>Eichsfelder Werkst\u00e4tten<br>LfULG Laborbereich Nossen<br>Leibniz Universit\u00e4t Hannover<br>LWG Veitsh\u00f6chheim<br>Weber<br>Paulinenpflege Winnenden<br>Pioneer T\u00fcttendorf<br>Kleinst\u00e4uber<br>Zitzelsberger<br>Botanischer Garten Greifswald<br>Freie Universit\u00e4t Berlin<br>Gartencenter Kremer<br>Landgut Pretschen<br>FUB Pflanzenphysiolog. Inst.<br>Staatsbetrieb Sachsenforst<br>St. Johannnesstift Ershausen<br>Schlo\u00dfg\u00e4rtnerei Weilburg<br>Bezirkskrankenhaus Bayreuth<br>JKI Pillnitz Mehrzweckgeb\u00e4ude<\/p>\n<\/div>\n\n\n\n<div class=\"is-layout-flow wp-block-column\">\n<p class=\"has-text-align-left\">Regensburg<br>Fretzdorf<br>Possendorf<br>Schifferstadt<br>Zeitlarn<br>Innsbruck (A)<br>Tuttlingen<br>Bad Lauchst\u00e4dt<br>Bernburg<br>Neus\u00e4\u00df<br>Bamberg<br>Rheinbach<br>Kaiserslautern<br>Erfurt<br>Saarbr\u00fccken<br>Dornburg<br>Falkenberg<br>Eschwege<br>Heilbad Heiligenstadt<br>Nossen<br>Hannover<br>Veitsh\u00f6chheim<br>Ebersberg<br>Winnenden<br>T\u00fcttendorf<br>Stolpen<br>Gerolfing<br>Greifswald<br>Berlin<br>L\u00fcdenscheid<br>M\u00e4rkische Heide<br>Berlin<br>Pirna OT Graupa<br>Schimberg OT<br>Weilburg<br>Bayreuth<br>Dresden<\/p>\n<\/div>\n\n\n\n<div class=\"is-layout-flow wp-block-column\"><\/div>\n<\/div>\n","protected":false},"excerpt":{"rendered":"<p>Botanischer Garten RegensburgLandgardG\u00e4rtnerei HofmannQueckbrunnerhofBoslJ\u00e4gerbauerHoschUFZHochschule BernburgW\u00f6rner PflanzenparadiesGem\u00fcsebauversuchszentrumUni Bonn AgroHorstChristmann\/KochLVG ErfurtMarkus MonzelTLL DornburgStephanus Werkst\u00e4ttenSUET EschwegeEichsfelder Werkst\u00e4ttenLfULG Laborbereich NossenLeibniz Universit\u00e4t HannoverLWG Veitsh\u00f6chheimWeberPaulinenpflege WinnendenPioneer T\u00fcttendorfKleinst\u00e4uberZitzelsbergerBotanischer Garten GreifswaldFreie Universit\u00e4t BerlinGartencenter KremerLandgut PretschenFUB Pflanzenphysiolog. Inst.Staatsbetrieb SachsenforstSt. Johannnesstift ErshausenSchlo\u00dfg\u00e4rtnerei WeilburgBezirkskrankenhaus BayreuthJKI Pillnitz Mehrzweckgeb\u00e4ude RegensburgFretzdorfPossendorfSchifferstadtZeitlarnInnsbruck (A)TuttlingenBad Lauchst\u00e4dtBernburgNeus\u00e4\u00dfBambergRheinbachKaiserslauternErfurtSaarbr\u00fcckenDornburgFalkenbergEschwegeHeilbad HeiligenstadtNossenHannoverVeitsh\u00f6chheimEbersbergWinnendenT\u00fcttendorfStolpenGerolfingGreifswaldBerlinL\u00fcdenscheidM\u00e4rkische HeideBerlinPirna OT GraupaSchimberg OTWeilburgBayreuthDresden<\/p>\n","protected":false},"author":1,"featured_media":0,"parent":507,"menu_order":14,"comment_status":"closed","ping_status":"closed","template":"","meta":{"ngg_post_thumbnail":0},"_links":{"self":[{"href":"https:\/\/hempel-ruelcker.de\/home\/wp-json\/wp\/v2\/pages\/509"}],"collection":[{"href":"https:\/\/hempel-ruelcker.de\/home\/wp-json\/wp\/v2\/pages"}],"about":[{"href":"https:\/\/hempel-ruelcker.de\/home\/wp-json\/wp\/v2\/types\/page"}],"author":[{"embeddable":true,"href":"https:\/\/hempel-ruelcker.de\/home\/wp-json\/wp\/v2\/users\/1"}],"replies":[{"embeddable":true,"href":"https:\/\/hempel-ruelcker.de\/home\/wp-json\/wp\/v2\/comments?post=509"}],"version-history":[{"count":2,"href":"https:\/\/hempel-ruelcker.de\/home\/wp-json\/wp\/v2\/pages\/509\/revisions"}],"predecessor-version":[{"id":1375,"href":"https:\/\/hempel-ruelcker.de\/home\/wp-json\/wp\/v2\/pages\/509\/revisions\/1375"}],"up":[{"embeddable":true,"href":"https:\/\/hempel-ruelcker.de\/home\/wp-json\/wp\/v2\/pages\/507"}],"wp:attachment":[{"href":"https:\/\/hempel-ruelcker.de\/home\/wp-json\/wp\/v2\/media?parent=509"}],"curies":[{"name":"wp","href":"https:\/\/api.w.org\/{rel}","templated":true}]}}